 thousands digit of x?
8
Let q(s) = -103*s**3 - 2*s**2 + 2*s - 1. Let r be q(1). Let g(t) = -t**3 - 216. Let a be g(0). Let v = r - a. What is the units digit of v?
2
Let i(j) = 13*j**2 + 11*j - 6. Let b be i(-5). Suppose -2*q + 12 = -2*f, 0*q = 2*q + 5*f + 2. Suppose 0 = -q*l + 7*l - b. What is the units digit of l?
8
Let n(d) = -2*d**3 + 57*d**2 - 120*d - 46. What is the units digit of n(26)?
4
Let n(w) = 8350*w**2 - 87*w - 7. What is the hundreds digit of n(2)?
2
Suppose 0*a + 25 = -a - 5*x, 5*x = -5*a - 45. Let b be 1/(-2)*(-5 - a). Suppose -4*w - 4*z + 324 = b, 5*w - 4*z = -3*z + 429. What is the tens digit of w?
8
Suppose 3*w - 27 = -2*m, 0 = -m + 5*m - 3*w - 45. Let r be 1 + m/8 + 2/4. Suppose r*u = 160 + 164. What is the hundreds digit of u?
1
Let p = 1335 - 1307. Let g(y) = y**3 - 4*y**2 - 11*y - 1. Let q be g(8). Suppose l + p = q. What is the units digit of l?
9
Suppose 2*f - 66 = -f. Let q be 36/(-30)*((-140)/(-8))/(-7). Suppose -244 = -q*v - f. What is the tens digit of v?
7
Let j = -376 + 4110. What is the hundreds digit of j?
7
Suppose -5*q = -3*k + 78388 - 3772, k + q - 24856 = 0. What is the hundreds digit of k?
8
Let p(f) = 6*f + 95. Let c be 1 - 6 - (9 + -9)/16. What is the tens digit of p(c)?
6
Let l(x) be the third derivative of 35*x**4/24 - 17*x**3/6 - 51*x**2. What is the hundreds digit of l(12)?
4
Let v(k) be the third derivative of -95*k**4/24 - 22*k**3 + 307*k**2. What is the hundreds digit of v(-4)?
2
Let c(a) = -596*a - 22. Let t be c(-4). Let n = 3858 - t. What is the thousands digit of n?
1
Let l(s) = -3*s - 31. Let v be (-49 - -52) + 2*(-7)/1. Let g be l(v). What is the tens digit of (-4)/6 + (380/12 - g)?
2
Suppose 8*p - 28300 = 3*p. Suppose 0 = 5*v - p - 860. What is the tens digit of v?
0
What is the units digit of 15/45 - 6/(54/(-684087))?
0
Suppose -4*t - 315 = -d - 45, 0 = -5*d - 3*t + 1442. Let u = 1079 - d. What is the units digit of u?
3
Let i be 30346/(-27) + (-32)/432. Let n = -699 - i. What is the hundreds digit of n?
4
Suppose 2*o - 6*o + n + 128 = 0, 0 = 4*o + 5*n - 128. Let z be (0 + 1)/(o/11 + -3). What is the tens digit of (-1 - z) + 0/(-14)?
1
Let a be (-9)/(7 + (-28776)/4110). Suppose -4*r + a = 11*r. What is the hundreds digit of r?
4
Let m(s) = -3*s**3 + 17*s**2 - 55*s + 37. Let g(u) = 5*u**3 - 35*u**2 + 111*u - 73. Let d(n) = 4*g(n) + 7*m(n). What is the units digit of d(-24)?
9
Suppose 2*k + 264 = 2*j, -692 = -2*j - 3*j - 3*k. Suppose 0 = -5*y - j - 169. Let d = y + 82. What is the units digit of d?
1
Let n = -73874 - -126507. What is the hundreds digit of n?
6
Let p(z) = -4*z + 82. Let t be p(17). What is the tens digit of t/((-9)/((-1260)/8))?
4
Suppose 26*h - 519511 = 344235. What is the units digit of h?
1
What is the hundreds digit of (1/5)/(((-200)/(-10550875))/8)?
4
Let q(k) = 12*k. Let w be q(-1). Suppose 15342 + 1563 = -21*p. What is the units digit of ((-5)/((-35)/w))/(10/p)?
8
Let r(n) = 39*n**3 + 2*n**2 + 101*n - 878. What is the tens digit of r(10)?
3
Let a be 7 - 8/(-20)*-5. Suppose -a*r + 1496 = -119. What is the units digit of r?
3
Let i = 0 + 698. Suppose 2*k - i = -2*l, 2*l - 1775 = -3*l + 5*k. What is the tens digit of l?
5
Let w be (120/18)/(-3 - (-33)/9). Suppose -w*v = -1146 - 2684. What is the units digit of v?
3
Suppose 18*d - 24*d + 78 = 0. Suppose 688 = d*k - 11*k. What is the tens digit of k?
4
Let d(f) = -345*f - 2108. What is the thousands digit of d(-32)?
8
Suppose -5*x - 4*y - 24 = 0, x - 2 = 2*x - 2*y. Let z be (0/x)/(-3 - 0). Suppose -k + 3*j + 126 = z, 0 = -k - 0*j - 3*j + 126. What is the tens digit of k?
2
Suppose -15*b + 13956 = -12*b - 9*i, 2*i - 10 = 0. What is the units digit of b?
7
Let z(l) = l**3 - 6*l**2 - 11*l. Let x be z(6). Let o = 70 + x. Suppose -4*c + r + 57 = -166, 0 = o*c + 4*r - 228. What is the units digit of c?
6
Let g(x) be the first derivative of -x**4/4 - 2*x**3/3 - 17*x**2/2 - 27*x - 35. What is the units digit of g(-7)?
7
Let q be 12/(-4) + (-10)/(-2). Suppose -4*y + 19*v = 17*v - 4518, -5*y - q*v = -5652. What is the tens digit of y?
3
Suppose -55*k + 318235 = -400780. What is the ten thousands digit of k?
1
Let x(p) = 76*p - 105. Let u(s) = -5*s - 148. Let r be u(-32). What is the units digit of x(r)?
7
Let f(y) = -y**3 - 12*y**2 - 28*y - 6. Let x be f(-9). Suppose -4*l - 778 = -3*u, -2*l + 12 = x*u - 796. What is the hundreds digit of u?
2
Let y(x) = 288*x**2 - 46*x - 8. What is the units digit of y(5)?
2
What is the thousands digit of (-7)/(4095/78) + (-490804)/(-30)?
6
Suppose 4*c + 4 = -4*d, 0*d - 4*c - 28 = -4*d. Let h be (1/d)/(8/120). Suppose -h*k = -77 - 343. What is the units digit of k?
4
Let f = 40238 - 27026. What is the tens digit of f?
1
Let w(k) = 11*k**2 - 29 + 10*k + 5*k**2 - k**2 + k**3. Let i be w(-14). Let x = i + 137. What is the hundreds digit of x?
1
Suppose 51*b - 274127 - 1918720 = 0. What is the hundreds digit of b?
9
Let f(q) = -20*q + 2. Suppose -t + 19 = -4*y - 2*t, -5*y - 4*t = 10. Let r be f(y). Suppose -4*x + 4*g = g - r, -x + 3*g + 35 = 0. What is the units digit of x?
9
Let p = -525 - -637. Let c = 147 - p. What is the tens digit of c?
3
Let g = -273 + 277. What is the units digit of ((-4)/g - 370)*10/(-5)?
2
Suppose t - 63990 - 20757 = 0. What is the tens digit of t?
4
Suppose 31*r = 30*r + 592. Suppose -5*v + r = -3*v. Suppose 3*n = 6, 3*u - 3*n = u + v. What is the tens digit of u?
5
Let p be (-41)/(-7) - 0 - (-2)/14. What is the hundreds digit of (8/p)/((-12)/(-1710))?
1
Let f(i) = 2*i**2 - 60*i - 22. Let c be f(33). Let r be 4/(-2) - -1 - -6. Suppose -440 = -r*q - 5*y + 2*y, -2*q + c = -5*y. What is the units digit of q?
8
Suppose -3*g - z + 174435 = 0, -145*z - 174453 = -3*g - 140*z. What is the hundreds digit of g?
1
Let r = -148319 + 208096. What is the units digit of r?
7
Let r = 14 + 47. Suppose -w + 64 - r = 0. Suppose -730 = -w*v - 127. What is the units digit of v?
1
Let t = -242 + 224. What is the tens digit of 1*4 + (t - -30)?
1
Let m(r) = 3*r**2 - 10*r + 22. Let a be m(4). Suppose 44 = g - a. Suppose -73*i + g*i = 268. What is the hundreds digit of i?
2
Suppose 2376 = 17*u + 2308. Let p = -260 + 876. Suppose -3*n + g = n - p, -u*n = g - 616. What is the hundreds digit of n?
1
Let k(t) = -171*t + 1. Let c be k(-2). Suppose c = -3*p + u, -2*u + 7*u = 2*p + 246. Let d = -94 - p. What is the tens digit of d?
1
Let z = 129833 + -89995. What is the tens digit of z?
3
Suppose 14*a - 2438 = 10*a + 2*v, 5 = -v. What is the units digit of a?
7
Suppose 14 = l + l - 2*r, 2*l = -4*r + 20. Suppose 10*p = l*p + 6. Suppose 0 = -k + 13 - p. What is the tens digit of k?
1
Suppose 66*f - 1074506 + 188964 = 23*f. What is the tens digit of f?
9
Suppose 2085 = 3*c + 2*w - 6*w, -5*c = 4*w - 3475. Suppose 2*n - 501 = -4*t + 901, 2*t = 5*n + c. What is the tens digit of t?
5
Let u(j) be the second derivative of -j**5/20 + j**4/2 + j**3/2 + 17*j**2/2 - 8*j. What is the tens digit of u(0)?
1
Suppose 44*s - 4*d = 48*s - 61132, -2*s - d = -30564. What is the units digit of s?
1
Let s = 30372 - 18005. What is the units digit of s?
7
Suppose -3627 = -11*b - 404. Let f = 181 - b. Let p = f - -256. What is the hundreds digit of p?
1
Let m(l) = 7*l + 506. Let y(r) = -r**3 - 8*r**2 - r - 8. Let x be y(-8). What is the units digit of m(x)?
6
Suppose 0*t - 4*t - 5*v + 44 = 0, 3*v = -4*t + 36. Let u(g) = g**2 - 3*g + 2. Let w be u(t). Let r = 110 + w. What is the hundreds digit of r?
1
Let q be (-5)/60 + 77539/84. Suppose 2*j = 355 + q. What is the units digit of j?
9
Let d be -1 + ((-2)/6 - 952/(-12)). Suppose 4*i - 82 = -d. Let b(t) = 237*t + 4. What is the units digit of b(i)?
1
Let l(k) = -55934*k - 1208. What is the tens digit of l(-1)?
2
Suppose -11*z - 6 = -8*z, 4*s + 8238 = -3*z. Let a = s - -3054. What is the tens digit of a?
9
Suppose 5*u - 6 = -36. Let z(a) = 76 - 31 - 23*a - 23 - 26. What is the tens digit of z(u)?
3
Suppose 36*j - 11*j - 11375 = 0. Let s = -312 + j. What is the tens digit of s?
4
Let p(i) = 7*i - 45. Let y be p(7). Suppose -2*j - 8 = 5*r - 27, -y = -2*j. What is the tens digit of (47 - 14)*8/r?
8
Let c be -1 + 1547/(-5) + 525/(-875). Let f = c - -507. What is the units digit of f?
6
Let x = 12018 + 14267. What is the thousands digit of x?
6
Suppose 7*s - 2*s = 65. Suppose 5*z = 2*t +